{"id":196,"date":"2013-01-18T18:37:52","date_gmt":"2013-01-18T17:37:52","guid":{"rendered":"http:\/\/www.stalag307.it\/?page_id=196"},"modified":"2026-02-06T11:13:26","modified_gmt":"2026-02-06T10:13:26","slug":"luigi-biraghi-il-diario-della-prigionia","status":"publish","type":"page","link":"https:\/\/www.stalag307.it\/","title":{"rendered":"Internato 25683"},"content":{"rendered":"<blockquote><p><em>\u00abIl pi\u00f9 straordinario &#8220;referendum popolare&#8221; contro il nazifascismo si ebbe fra il settembre e il dicembre 1943: una massa di militari, piuttosto che aggregarsi alle forze armate tedesche e repubblichine, prefer\u00ec, sovente dopo sanguinosi combattimenti, una detenzione inumana. Una pagina di resistenza consapevole, pagata con un altissimo prezzo di vite. [&#8230;] E&#8217; la vicenda individuale e collettiva di oltre 600mila uomini, impegnati in una scelta di vita o di morte, di dignit\u00e0 o di compromesso morale, nel periodo pi\u00f9 tragico della nostra storia contemporanea.\u00bb<\/em> (Dalle note di copertina del libro &#8220;Il lungo inverno dei lager&#8221;, di Paride Piasenti, presidente ANEI dal 1948 al 1997).<\/p><\/blockquote>\n<p><strong>Luigi Biraghi<\/strong>, classe 1914, tenente del 9\u00b0 Alpini nella Seconda Guerra Mondiale, fu uno dei seicentomila soldati che fecero una <strong>scelta di dignit\u00e0<\/strong>. Di guarnigione a Tolone, fu costretto a deporre le armi e internato nei campi di concentramento tedeschi poco dopo l\u20198 settembre 1943. A causa del suo rifiuto a collaborare vi trascorse quasi due anni come &#8220;internato 25683&#8221;, subendo un prigionia disumana dall&#8217;8 novembre 1943 al 26 agosto 1945.<\/p>\n<p><a href=\"https:\/\/i0.wp.com\/www.stalag307.it\/wp-content\/uploads\/2026\/02\/IMG_0790.jpeg?ssl=1\"><img data-recalc-dims=\"1\" loading=\"lazy\" decoding=\"async\" class=\"alignnone size-full wp-image-1265\" src=\"https:\/\/i0.wp.com\/www.stalag307.it\/wp-content\/uploads\/2026\/02\/IMG_0790.jpeg?resize=584%2C204&#038;ssl=1\" alt=\"Volontario della libert\u00e0\" width=\"584\" height=\"204\" srcset=\"https:\/\/i0.wp.com\/www.stalag307.it\/wp-content\/uploads\/2026\/02\/IMG_0790.jpeg?w=2157&amp;ssl=1 2157w, https:\/\/i0.wp.com\/www.stalag307.it\/wp-content\/uploads\/2026\/02\/IMG_0790.jpeg?resize=300%2C105&amp;ssl=1 300w, https:\/\/i0.wp.com\/www.stalag307.it\/wp-content\/uploads\/2026\/02\/IMG_0790.jpeg?resize=1024%2C357&amp;ssl=1 1024w, https:\/\/i0.wp.com\/www.stalag307.it\/wp-content\/uploads\/2026\/02\/IMG_0790.jpeg?resize=768%2C268&amp;ssl=1 768w, https:\/\/i0.wp.com\/www.stalag307.it\/wp-content\/uploads\/2026\/02\/IMG_0790.jpeg?resize=1536%2C536&amp;ssl=1 1536w, https:\/\/i0.wp.com\/www.stalag307.it\/wp-content\/uploads\/2026\/02\/IMG_0790.jpeg?resize=2048%2C715&amp;ssl=1 2048w, https:\/\/i0.wp.com\/www.stalag307.it\/wp-content\/uploads\/2026\/02\/IMG_0790.jpeg?resize=500%2C175&amp;ssl=1 500w, https:\/\/i0.wp.com\/www.stalag307.it\/wp-content\/uploads\/2026\/02\/IMG_0790.jpeg?w=1168&amp;ssl=1 1168w, https:\/\/i0.wp.com\/www.stalag307.it\/wp-content\/uploads\/2026\/02\/IMG_0790.jpeg?w=1752&amp;ssl=1 1752w\" sizes=\"auto, (max-width: 584px) 100vw, 584px\" \/><\/a><\/p>\n<p>Durante i lunghi mesi di stenti, sofferenze e privazioni, Luigi Biraghi costru\u00ec (lo costru\u00ec fisicamente, con residui di iuta e cartone dei pacchi inviati da casa) e compil\u00f2 un minuzioso diario della sua durissima e ingiusta prigionia, rinvenuto dopo la sua scomparsa nel giugno 1989.<\/p>\n<p><img data-recalc-dims=\"1\" loading=\"lazy\" decoding=\"async\" class=\"size-full wp-image-211\" src=\"https:\/\/i0.wp.com\/www.stalag307.it\/wp-content\/uploads\/2012\/12\/ritratto1.jpg?resize=584%2C628&#038;ssl=1\" alt=\"Studio di figura\" width=\"584\" height=\"628\" srcset=\"https:\/\/i0.wp.com\/www.stalag307.it\/wp-content\/uploads\/2012\/12\/ritratto1.jpg?w=1000&amp;ssl=1 1000w, https:\/\/i0.wp.com\/www.stalag307.it\/wp-content\/uploads\/2012\/12\/ritratto1.jpg?resize=278%2C300&amp;ssl=1 278w, https:\/\/i0.wp.com\/www.stalag307.it\/wp-content\/uploads\/2012\/12\/ritratto1.jpg?resize=951%2C1024&amp;ssl=1 951w\" sizes=\"auto, (max-width: 584px) 100vw, 584px\" \/><\/p>\n<p>Questo sito \u00e8 nato per condividere la sua cronaca inedita sul \u00a0dramma dell&#8217;8 settembre 1943 e degli eventi successivi. La storia di quegli internati italiani non collaborazionisti, tra cui il tenente Luigi Biraghi, Croce di Guerra e Volontario della Libert\u00e0, \u00e8 ancora un buco nero nella memoria che il suo diario pu\u00f2 contribuire a illuminare.<\/p>\n<p><a href=\"https:\/\/i0.wp.com\/www.stalag307.it\/wp-content\/uploads\/2012\/12\/IMG_1910.jpg?ssl=1\"><img data-recalc-dims=\"1\" loading=\"lazy\" decoding=\"async\" class=\"alignnone size-full wp-image-193\" src=\"https:\/\/i0.wp.com\/www.stalag307.it\/wp-content\/uploads\/2012\/12\/IMG_1910.jpg?resize=584%2C436\" alt=\"Il tavolo di lavoro\" width=\"584\" height=\"436\" srcset=\"https:\/\/i0.wp.com\/www.stalag307.it\/wp-content\/uploads\/2012\/12\/IMG_1910.jpg?w=1000&amp;ssl=1 1000w, https:\/\/i0.wp.com\/www.stalag307.it\/wp-content\/uploads\/2012\/12\/IMG_1910.jpg?resize=300%2C224&amp;ssl=1 300w, https:\/\/i0.wp.com\/www.stalag307.it\/wp-content\/uploads\/2012\/12\/IMG_1910.jpg?resize=401%2C300&amp;ssl=1 401w\" sizes=\"auto, (max-width: 584px) 100vw, 584px\" \/><\/a><\/p>\n<p>Il diario pu\u00f2 essere <a href=\"https:\/\/www.stalag307.it\/?page_id=916\">scaricato in vari formati<\/a>. Qui sotto le ultime righe dell&#8217;edizione riveduta e corretta dall&#8217;autore, rinvenuta del 2023.<\/p>\n<p><a href=\"https:\/\/i0.wp.com\/www.stalag307.it\/wp-content\/uploads\/2022\/12\/fine.jpeg?ssl=1\"><img data-recalc-dims=\"1\" loading=\"lazy\" decoding=\"async\" class=\"alignnone size-full wp-image-1224\" src=\"https:\/\/i0.wp.com\/www.stalag307.it\/wp-content\/uploads\/2022\/12\/fine.jpeg?resize=584%2C181&#038;ssl=1\" alt=\"\" width=\"584\" height=\"181\" srcset=\"https:\/\/i0.wp.com\/www.stalag307.it\/wp-content\/uploads\/2022\/12\/fine.jpeg?w=2424&amp;ssl=1 2424w, https:\/\/i0.wp.com\/www.stalag307.it\/wp-content\/uploads\/2022\/12\/fine.jpeg?resize=300%2C93&amp;ssl=1 300w, https:\/\/i0.wp.com\/www.stalag307.it\/wp-content\/uploads\/2022\/12\/fine.jpeg?resize=1024%2C317&amp;ssl=1 1024w, https:\/\/i0.wp.com\/www.stalag307.it\/wp-content\/uploads\/2022\/12\/fine.jpeg?resize=768%2C238&amp;ssl=1 768w, https:\/\/i0.wp.com\/www.stalag307.it\/wp-content\/uploads\/2022\/12\/fine.jpeg?resize=1536%2C475&amp;ssl=1 1536w, https:\/\/i0.wp.com\/www.stalag307.it\/wp-content\/uploads\/2022\/12\/fine.jpeg?resize=2048%2C634&amp;ssl=1 2048w, https:\/\/i0.wp.com\/www.stalag307.it\/wp-content\/uploads\/2022\/12\/fine.jpeg?resize=500%2C155&amp;ssl=1 500w, https:\/\/i0.wp.com\/www.stalag307.it\/wp-content\/uploads\/2022\/12\/fine.jpeg?w=1168&amp;ssl=1 1168w, https:\/\/i0.wp.com\/www.stalag307.it\/wp-content\/uploads\/2022\/12\/fine.jpeg?w=1752&amp;ssl=1 1752w\" sizes=\"auto, (max-width: 584px) 100vw, 584px\" \/><\/a><\/p>\n<p>Il diario di Luigi Biraghi \u00e8 affiancato da &#8220;Stalag 307 &#8211; Un giornale disegnato&#8221;, una raccolta di tavole che raccontano la vita nel campo di Deblin. L&#8217;opera \u00e8 disegnata da Franco Brunello, vicentino, tenente degli alpini, amico carissimo di Luigi Biraghi, cui l&#8217;opera \u00e8 dedicata <a href=\"http:\/\/www.stalag307.it\/?p=718\">nella tavola<\/a> finale &#8220;fuori dai reticolati&#8221;. Il giornale di Brunello pu\u00f2 essere letto a partire dalla <a href=\"https:\/\/www.stalag307.it\/?page_id=350\">dall&#8217;elenco dei capitoli<\/a>. NB i ritratti di Luigi Biraghi che compaiono in questa pagina sono di Franco Brunello.<\/p>\n","protected":false},"excerpt":{"rendered":"<p>\u00abIl pi\u00f9 straordinario &#8220;referendum popolare&#8221; contro il nazifascismo si ebbe fra il settembre e il dicembre 1943: una massa di militari, piuttosto che aggregarsi alle forze armate tedesche e repubblichine, prefer\u00ec, sovente dopo sanguinosi combattimenti, una detenzione inumana. Una pagina &hellip; <a href=\"https:\/\/www.stalag307.it\/\">Continua a leggere<span class=\"meta-nav\">&rarr;<\/span><\/a><\/p>\n","protected":false},"author":2,"featured_media":0,"parent":0,"menu_order":0,"comment_status":"closed","ping_status":"closed","template":"sidebar-page.php","meta":{"_exactmetrics_skip_tracking":false,"_exactmetrics_sitenote_active":false,"_exactmetrics_sitenote_note":"","_exactmetrics_sitenote_category":0,"footnotes":""},"class_list":["post-196","page","type-page","status-publish","hentry"],"yoast_head":"<!-- This site is optimized with the Yoast SEO plugin v27.5 - https:\/\/yoast.com\/product\/yoast-seo-wordpress\/ -->\n<title>Internato 25683 - Stalag 307<\/title>\n<meta name=\"description\" content=\"Luigi Biraghi, classe 1914, tenente del 9\u00b0 Alpini nella Seconda Guerra Mondiale, fu\u00a0uno dei\u00a0600mila soldati\u00a0che fecero una scelta di dignit\u00e0. Internato nei campi di concentramento tedeschi dopo l\u20198 settembre, rifiut\u00f2 di collaborare, subendo per questo due anni di\u00a0prigionia\u00a0disumana.\" \/>\n<meta name=\"robots\" content=\"index, follow, max-snippet:-1, max-image-preview:large, max-video-preview:-1\" \/>\n<link rel=\"canonical\" href=\"https:\/\/www.stalag307.it\/\" \/>\n<meta property=\"og:locale\" content=\"it_IT\" \/>\n<meta property=\"og:type\" content=\"article\" \/>\n<meta property=\"og:title\" content=\"Internato 25683 - Stalag 307\" \/>\n<meta property=\"og:description\" content=\"Luigi Biraghi, classe 1914, tenente del 9\u00b0 Alpini nella Seconda Guerra Mondiale, fu\u00a0uno dei\u00a0600mila soldati\u00a0che fecero una scelta di dignit\u00e0. Internato nei campi di concentramento tedeschi dopo l\u20198 settembre, rifiut\u00f2 di collaborare, subendo per questo due anni di\u00a0prigionia\u00a0disumana.\" \/>\n<meta property=\"og:url\" content=\"https:\/\/www.stalag307.it\/\" \/>\n<meta property=\"og:site_name\" content=\"Stalag 307\" \/>\n<meta property=\"article:modified_time\" content=\"2026-02-06T10:13:26+00:00\" \/>\n<meta property=\"og:image\" content=\"https:\/\/www.stalag307.it\/wp-content\/uploads\/2013\/01\/21105827_10155636663723769_923621324188825771_n.jpg\" \/>\n<meta name=\"twitter:card\" content=\"summary_large_image\" \/>\n<meta name=\"twitter:label1\" content=\"Tempo di lettura stimato\" \/>\n\t<meta name=\"twitter:data1\" content=\"2 minuti\" \/>\n<script type=\"application\/ld+json\" class=\"yoast-schema-graph\">{\"@context\":\"https:\\\/\\\/schema.org\",\"@graph\":[{\"@type\":\"WebPage\",\"@id\":\"https:\\\/\\\/www.stalag307.it\\\/\",\"url\":\"https:\\\/\\\/www.stalag307.it\\\/\",\"name\":\"Internato 25683 - Stalag 307\",\"isPartOf\":{\"@id\":\"https:\\\/\\\/www.stalag307.it\\\/#website\"},\"primaryImageOfPage\":{\"@id\":\"https:\\\/\\\/www.stalag307.it\\\/#primaryimage\"},\"image\":{\"@id\":\"https:\\\/\\\/www.stalag307.it\\\/#primaryimage\"},\"thumbnailUrl\":\"https:\\\/\\\/www.stalag307.it\\\/wp-content\\\/uploads\\\/2026\\\/02\\\/IMG_0790.jpeg\",\"datePublished\":\"2013-01-18T17:37:52+00:00\",\"dateModified\":\"2026-02-06T10:13:26+00:00\",\"description\":\"Luigi Biraghi, classe 1914, tenente del 9\u00b0 Alpini nella Seconda Guerra Mondiale, fu\u00a0uno dei\u00a0600mila soldati\u00a0che fecero una scelta di dignit\u00e0. Internato nei campi di concentramento tedeschi dopo l\u20198 settembre, rifiut\u00f2 di collaborare, subendo per questo due anni di\u00a0prigionia\u00a0disumana.\",\"breadcrumb\":{\"@id\":\"https:\\\/\\\/www.stalag307.it\\\/#breadcrumb\"},\"inLanguage\":\"it-IT\",\"potentialAction\":[{\"@type\":\"ReadAction\",\"target\":[\"https:\\\/\\\/www.stalag307.it\\\/\"]}]},{\"@type\":\"ImageObject\",\"inLanguage\":\"it-IT\",\"@id\":\"https:\\\/\\\/www.stalag307.it\\\/#primaryimage\",\"url\":\"https:\\\/\\\/i0.wp.com\\\/www.stalag307.it\\\/wp-content\\\/uploads\\\/2026\\\/02\\\/IMG_0790.jpeg?fit=2157%2C753&ssl=1\",\"contentUrl\":\"https:\\\/\\\/i0.wp.com\\\/www.stalag307.it\\\/wp-content\\\/uploads\\\/2026\\\/02\\\/IMG_0790.jpeg?fit=2157%2C753&ssl=1\",\"width\":2157,\"height\":753,\"caption\":\"Volontario della libert\u00e0\"},{\"@type\":\"BreadcrumbList\",\"@id\":\"https:\\\/\\\/www.stalag307.it\\\/#breadcrumb\",\"itemListElement\":[{\"@type\":\"ListItem\",\"position\":1,\"name\":\"Home\",\"item\":\"https:\\\/\\\/www.stalag307.it\\\/\"},{\"@type\":\"ListItem\",\"position\":2,\"name\":\"Luigi Biraghi: il diario della prigionia\"}]},{\"@type\":\"WebSite\",\"@id\":\"https:\\\/\\\/www.stalag307.it\\\/#website\",\"url\":\"https:\\\/\\\/www.stalag307.it\\\/\",\"name\":\"Stalag 307\",\"description\":\"Dall&#039;8 settembre 1943 al 26 agosto 1945: la prigionia nei campi nazisti di Luigi Biraghi, tenente del 9\u00b0 alpini.\",\"publisher\":{\"@id\":\"https:\\\/\\\/www.stalag307.it\\\/#\\\/schema\\\/person\\\/429ede1ba10cd3538d1b89ab809fd00f\"},\"potentialAction\":[{\"@type\":\"SearchAction\",\"target\":{\"@type\":\"EntryPoint\",\"urlTemplate\":\"https:\\\/\\\/www.stalag307.it\\\/?s={search_term_string}\"},\"query-input\":{\"@type\":\"PropertyValueSpecification\",\"valueRequired\":true,\"valueName\":\"search_term_string\"}}],\"inLanguage\":\"it-IT\"},{\"@type\":[\"Person\",\"Organization\"],\"@id\":\"https:\\\/\\\/www.stalag307.it\\\/#\\\/schema\\\/person\\\/429ede1ba10cd3538d1b89ab809fd00f\",\"name\":\"Luigi Biraghi\",\"logo\":{\"@id\":\"https:\\\/\\\/www.stalag307.it\\\/#\\\/schema\\\/person\\\/image\\\/\"}}]}<\/script>\n<!-- \/ Yoast SEO plugin. -->","yoast_head_json":{"title":"Internato 25683 - Stalag 307","description":"Luigi Biraghi, classe 1914, tenente del 9\u00b0 Alpini nella Seconda Guerra Mondiale, fu\u00a0uno dei\u00a0600mila soldati\u00a0che fecero una scelta di dignit\u00e0. Internato nei campi di concentramento tedeschi dopo l\u20198 settembre, rifiut\u00f2 di collaborare, subendo per questo due anni di\u00a0prigionia\u00a0disumana.","robots":{"index":"index","follow":"follow","max-snippet":"max-snippet:-1","max-image-preview":"max-image-preview:large","max-video-preview":"max-video-preview:-1"},"canonical":"https:\/\/www.stalag307.it\/","og_locale":"it_IT","og_type":"article","og_title":"Internato 25683 - Stalag 307","og_description":"Luigi Biraghi, classe 1914, tenente del 9\u00b0 Alpini nella Seconda Guerra Mondiale, fu\u00a0uno dei\u00a0600mila soldati\u00a0che fecero una scelta di dignit\u00e0. Internato nei campi di concentramento tedeschi dopo l\u20198 settembre, rifiut\u00f2 di collaborare, subendo per questo due anni di\u00a0prigionia\u00a0disumana.","og_url":"https:\/\/www.stalag307.it\/","og_site_name":"Stalag 307","article_modified_time":"2026-02-06T10:13:26+00:00","og_image":[{"url":"https:\/\/www.stalag307.it\/wp-content\/uploads\/2013\/01\/21105827_10155636663723769_923621324188825771_n.jpg","type":"","width":"","height":""}],"twitter_card":"summary_large_image","twitter_misc":{"Tempo di lettura stimato":"2 minuti"},"schema":{"@context":"https:\/\/schema.org","@graph":[{"@type":"WebPage","@id":"https:\/\/www.stalag307.it\/","url":"https:\/\/www.stalag307.it\/","name":"Internato 25683 - Stalag 307","isPartOf":{"@id":"https:\/\/www.stalag307.it\/#website"},"primaryImageOfPage":{"@id":"https:\/\/www.stalag307.it\/#primaryimage"},"image":{"@id":"https:\/\/www.stalag307.it\/#primaryimage"},"thumbnailUrl":"https:\/\/www.stalag307.it\/wp-content\/uploads\/2026\/02\/IMG_0790.jpeg","datePublished":"2013-01-18T17:37:52+00:00","dateModified":"2026-02-06T10:13:26+00:00","description":"Luigi Biraghi, classe 1914, tenente del 9\u00b0 Alpini nella Seconda Guerra Mondiale, fu\u00a0uno dei\u00a0600mila soldati\u00a0che fecero una scelta di dignit\u00e0. Internato nei campi di concentramento tedeschi dopo l\u20198 settembre, rifiut\u00f2 di collaborare, subendo per questo due anni di\u00a0prigionia\u00a0disumana.","breadcrumb":{"@id":"https:\/\/www.stalag307.it\/#breadcrumb"},"inLanguage":"it-IT","potentialAction":[{"@type":"ReadAction","target":["https:\/\/www.stalag307.it\/"]}]},{"@type":"ImageObject","inLanguage":"it-IT","@id":"https:\/\/www.stalag307.it\/#primaryimage","url":"https:\/\/i0.wp.com\/www.stalag307.it\/wp-content\/uploads\/2026\/02\/IMG_0790.jpeg?fit=2157%2C753&ssl=1","contentUrl":"https:\/\/i0.wp.com\/www.stalag307.it\/wp-content\/uploads\/2026\/02\/IMG_0790.jpeg?fit=2157%2C753&ssl=1","width":2157,"height":753,"caption":"Volontario della libert\u00e0"},{"@type":"BreadcrumbList","@id":"https:\/\/www.stalag307.it\/#breadcrumb","itemListElement":[{"@type":"ListItem","position":1,"name":"Home","item":"https:\/\/www.stalag307.it\/"},{"@type":"ListItem","position":2,"name":"Luigi Biraghi: il diario della prigionia"}]},{"@type":"WebSite","@id":"https:\/\/www.stalag307.it\/#website","url":"https:\/\/www.stalag307.it\/","name":"Stalag 307","description":"Dall&#039;8 settembre 1943 al 26 agosto 1945: la prigionia nei campi nazisti di Luigi Biraghi, tenente del 9\u00b0 alpini.","publisher":{"@id":"https:\/\/www.stalag307.it\/#\/schema\/person\/429ede1ba10cd3538d1b89ab809fd00f"},"potentialAction":[{"@type":"SearchAction","target":{"@type":"EntryPoint","urlTemplate":"https:\/\/www.stalag307.it\/?s={search_term_string}"},"query-input":{"@type":"PropertyValueSpecification","valueRequired":true,"valueName":"search_term_string"}}],"inLanguage":"it-IT"},{"@type":["Person","Organization"],"@id":"https:\/\/www.stalag307.it\/#\/schema\/person\/429ede1ba10cd3538d1b89ab809fd00f","name":"Luigi Biraghi","logo":{"@id":"https:\/\/www.stalag307.it\/#\/schema\/person\/image\/"}}]}},"jetpack_sharing_enabled":true,"_links":{"self":[{"href":"https:\/\/www.stalag307.it\/index.php?rest_route=\/wp\/v2\/pages\/196","targetHints":{"allow":["GET"]}}],"collection":[{"href":"https:\/\/www.stalag307.it\/index.php?rest_route=\/wp\/v2\/pages"}],"about":[{"href":"https:\/\/www.stalag307.it\/index.php?rest_route=\/wp\/v2\/types\/page"}],"author":[{"embeddable":true,"href":"https:\/\/www.stalag307.it\/index.php?rest_route=\/wp\/v2\/users\/2"}],"replies":[{"embeddable":true,"href":"https:\/\/www.stalag307.it\/index.php?rest_route=%2Fwp%2Fv2%2Fcomments&post=196"}],"version-history":[{"count":121,"href":"https:\/\/www.stalag307.it\/index.php?rest_route=\/wp\/v2\/pages\/196\/revisions"}],"predecessor-version":[{"id":1313,"href":"https:\/\/www.stalag307.it\/index.php?rest_route=\/wp\/v2\/pages\/196\/revisions\/1313"}],"wp:attachment":[{"href":"https:\/\/www.stalag307.it\/index.php?rest_route=%2Fwp%2Fv2%2Fmedia&parent=196"}],"curies":[{"name":"wp","href":"https:\/\/api.w.org\/{rel}","templated":true}]}}